1)/12). What is the greatest common factor of q and a?
9
Let j = -231 + 401. Calculate the highest common divisor of j and 34.
34
Let z be -6*(2 + (-8)/3). Suppose -z - 36 = 5*m. Let v be (-708)/m + (-2)/4. What is the highest common factor of 11 and v?
11
Let u(t) = -17*t**3 + t**2 + 2*t + 1. Let q be u(-1). What is the highest common factor of 17 and q?
17
Let g(z) = -z**2 + 17*z + 9. Let k(j) = -j + 1. Let u(o) = g(o) + 4*k(o). Let h be u(13). What is the greatest common divisor of 39 and h?
13
Suppose -3*i - 3 = -15. Let o(n) = -n**2 + 3*n - 2. Let p be o(5). Let d be p*(-1 + 3 - 3). Calculate the greatest common divisor of d and i.
4
Let l be -1 + (-2 - (-2 - 37)). Let p = -12 + l. What is the highest common factor of 6 and p?
6
Suppose -9*t + 320 = -4*t. Calculate the highest common factor of t and 8.
8
Let h be (15/(-6))/((-5)/50). What is the highest common factor of 5 and h?
5
Let o = 20 - 11. Let b be 0 + 76 + -2 - 2. What is the greatest common divisor of o and b?
9
Suppose 0 = 5*o - 25, -2*q + 4*o - 2*o = -20. Let z = 39 - q. Calculate the greatest common divisor of 6 and z.
6
Let w be (22/8 + 1)*8. Let a be -3*(-3 - 3/9). What is the greatest common factor of w and a?
10
Let l = 27 - -13. Suppose 3*i - 24 = 4*y, -2*y - 12 = 4*i - 44. Suppose i*p - u - 27 = 3*p, -3*p + 17 = -u. What is the greatest common factor of l and p?
5
Let d = -171 + 264. Calculate the greatest common factor of 124 and d.
31
Suppose 5*i = 5, -4*i + 269 = 2*u - i. Calculate the highest common divisor of u and 19.
19
Suppose v + v - 56 = 0. Calculate the greatest common divisor of v and 70.
14
Suppose 0*x = 3*x - 24. Let n(u) = -u**3 - 3*u**2 + 6*u - 4. Let i be n(-5). What is the greatest common factor of i and x?
8
Suppose 446 = 5*n + 71. Calculate the highest common factor of n and 30.
15
Let y be 12/(-4) + (24 - -2). Suppose 0 = n - 7*n + 1104. What is the greatest common divisor of n and y?
23
Let h = 31 + -45. Let x be 116/14 - (-4)/h. Let o = 8 + -6. What is the highest common factor of o and x?
2
Let k be (-6)/(-16)*-242*(-16)/6. Calculate the highest common factor of 22 and k.
22
Suppose -w + 1 = -o, -w = -2*w + 5. Suppose 2*s + o*v - 25 = 5*v, 3*s + 2*v = 48. What is the greatest common factor of 2 and s?
2
Suppose -m = 3*o - 62, -3*o + 56 = -4*m + 4. What is the highest common divisor of 30 and o?
10
Let m(x) = 9*x**2 + 20*x - 24. Let k(f) = -5*f**2 - 10*f + 12. Let r(l) = 11*k(l) + 6*m(l). Let y be r(7). What is the highest common divisor of y and 45?
9
Let m(s) = -9*s + 9. Let b be m(-9). Suppose -78 = -5*q + r, 0 = -5*q - 0*q + 2*r + 81. Calculate the greatest common divisor of b and q.
15
Let l(x) = -x**2 - 7*x + 10. Let m be l(-8). Let q be m/(-3) - (-6)/9. Suppose -5*c + 4*c + 10 = q. What is the highest common factor of 10 and c?
10
Let d be 0/(((-6)/3)/(-1)). Suppose d = -0*b + 5*b - 15, 2*i + 3*b - 33 = 0. What is the highest common divisor of i and 30?
6
Let q = 4 + -6. Let k be -2*q/(-4) + 11. What is the greatest common factor of k and 10?
10
Suppose 4*s - 6*s + 98 = 0. What is the highest common factor of 7 and s?
7
Let h be (1/(-4))/(8/(-160)). Let l = 5 + 10. Suppose 0*u + l = 3*u. Calculate the greatest common factor of u and h.
5
Let d(t) = -t**2 - 5*t + 3. Let r be d(-6). Let q(m) = m**3 + 4*m**2 - m - 2. Let j be q(r). Calculate the highest common divisor of 30 and j.
10
Suppose 0 = h - 10 + 1. Calculate the highest common divisor of h and 36.
9
Suppose 3*f - 2*v - 101 = 0, 2*f + 4*v = 6*v + 68. Calculate the greatest common factor of f and 11.
11
Suppose -3*v + 2*g + 246 = 0, 4*g - 1 = -v + 95. Calculate the greatest common factor of v and 4.
4
Let q(d) = -28*d**3 + d**2 + 2*d + 1. Let m be q(-2). Let r = 286 + -200. Let c = r - 61. Calculate the greatest common factor of m and c.
25
Let g(c) = -c**3 + 3*c - 3. Let n be g(-3). Calculate the highest common divisor of n and 165.
15
Let p(h) = h**3 - h**2 + h + 11. Let i be p(0). Let v be (-4)/(-2)*(-974)/(-4). Suppose v - 3 = 4*g. Calculate the greatest common divisor of g and i.
11
Let h be 40*(2 - (-3)/2). Let d = -47 - -67. What is the greatest common factor of d and h?
20
Let g be 15 - 7/(21/(-6)). Calculate the highest common divisor of 119 and g.
17
Suppose -3*k - 37 = 4*h + 45, 0 = h - k + 17. Let v = h - -136. What is the greatest common factor of v and 13?
13
Suppose 6 = g + z - 1, -g + 11 = 2*z. Calculate the greatest common factor of 3 and g.
3
Suppose -1 = i - 6. Suppose 5*m = 3*s + 44, m + s = -3*s - i. Suppose 5*r - m = 4*r. What is the greatest common divisor of r and 7?
7
Suppose -3*a = -t + 26, -2*t - 3*a = 2*a - 19. Calculate the greatest common factor of 153 and t.
17
Let x = 16 - 14. What is the greatest common divisor of x and 6?
2
Let x(u) = -u**2 - 5*u - 3. Let k be x(-3). Suppose -2*t - n = 3*t + 77, -68 = 4*t + 4*n. Let m be ((-9)/5)/(k/t). What is the highest common factor of m and 1?
1
Let s be 4/(-16) + (-642)/(-8). Let r = 136 - s. Calculate the highest common factor of r and 14.
14
Suppose -5*q + 5 = -4*q. What is the greatest common divisor of 15 and q?
5
Let f be (-28)/(-6)*399/14. What is the greatest common factor of f and 19?
19
Suppose w - a = -5*a + 18, 14 = -3*w + 5*a. Suppose -4*v - g = -4, v + w*g - 18 = 6*g. Let r be -1*21*-1*v. Calculate the highest common factor of 28 and r.
14
Let c(h) = 5*h**2 - 3*h. Let f be c(3). What is the highest common divisor of 4 and f?
4
Let v be 45/18*128/10. Calculate the highest common factor of v and 80.
16
Let p(i) = i**3 - 2*i**2 + 3*i + 4. Let y be p(3). Calculate the highest common factor of y and 2.
2
Let i be (-27)/((1 - 2)*1) - 4. Calculate the highest common factor of i and 115.
23
Let w = 2 + -1. Suppose 11 = 3*k + 5. Let l be w - k*3/(-6). What is the greatest common factor of 1 and l?
1
Suppose -3*s + 28 = -29. What is the greatest common divisor of 133 and s?
19
Let t = 28 - 19. Let a be t*3 - (-2)/(-1). Let n be (-5 + 9)*a/4. What is the greatest common factor of n and 10?
5
Suppose 2*y = 3*y + 18. Let b be (-24)/y*75/2. Calculate the highest common factor of b and 20.
10
Let q = 152 - 82. Calculate the greatest common factor of q and 14.
14
Let v be (-2 - 1)/((-33)/440). What is the greatest common divisor of 5 and v?
5
Let y = -1 - -11. Suppose 0 = 9*l - 4*l + 15. Let z = y - l. Calculate the greatest common factor of z and 78.
13
Suppose -2*m + 8*m - 90 = 0. Calculate the greatest common divisor of 240 and m.
15
Let z(c) = c**3 - 5*c**2 - 4*c + 2. Let j be z(6). What is the highest common factor of 154 and j?
14
Suppose 1 = s - r, 0*r = 5*r - 5. Suppose 0 = 5*u + 2*y - 11, 4*u + s*y + 2*y - 16 = 0. Calculate the highest common divisor of 1 and u.
1
Let i(l) = -l**2 + 11*l + 4. Let u(d) = -2*d**2 + 10*d + 3. Let v(f) = -3*i(f) + 2*u(f). Let s be v(-10). Calculate the greatest common divisor of 3 and s.
3
Let w(i) = 2*i - 3. Let q be w(3). Let n be 36*3*q/3. Let j be -2 - 7/((-21)/n). What is the greatest common divisor of j and 85?
17
Let u be ((-9)/15)/(2/(-10)). Suppose -44 = v + 2*z - 4*z, -u*v = -2*z + 128. Let i = 76 + v. Calculate the highest common factor of 85 and i.
17
Let w be (-6)/18 + (-49)/(-3). Calculate the highest common divisor of w and 16.
16
Let t(o) = -2*o**3 - 5*o**2 - 2*o - 1. Let a be t(-3). Suppose -2*p - 1 + 7 = 0. Suppose 21 = -2*j + p*j. Calculate the highest common factor of j and a.
7
Let d = 14 - 8. Suppose -3*y = -d*y + 18. What is the greatest common factor of y and 30?
6
Let b(a) = -45*a**3 - a**2 - a. Let v be b(-1). Suppose 3*i - v = 33. Calculate the highest common factor of 65 and i.
13
Suppose 3*u - v + 1 = -2*u, -2*u + 14 = -4*v. Let r = 4 - u. Suppose 3*w + 3*f - 3 = -0, 11 = r*w - f. Calculate the highest common divisor of 5 and w.
1
Suppose 2*b = p - 18, 4*b - 4 = 3*b. What is the greatest common divisor of 91 and p?
13
Suppose 139 = 2*y + y + 2*m, 0 = 4*y + 3*m - 187. Suppose -y = 4*b - 215. Let k = b - -2. What is the highest common divisor of k and 5?
5
Let a be 2/((-21)/(-6) + -4). Let s be a/8*-28 + 1. Suppose 3*z - 6 = 0, 0*z = -5*u + z + 223. Calculate the greatest common divisor of s and u.
15
Let p = -133 + 136. What is the highest common factor of p and 33?
3
Suppose -6*c + 3*c - 6 = 0, -2*a + c = 0. Let o = -1 - a. Let j be 0 + (o - -10